
List the prime factors of 36221.
29, 1249
What are the prime factors of 1525?
5, 61
What are the prime factors of 81820?
2, 5, 4091
What are the prime factors of 23157?
3, 31, 83
What are the prime factors of 10204?
2, 2551
What are the prime factors of 12508?
2, 53, 59
What are the prime factors of 6509?
23, 283
List the prime factors of 14616.
2, 3, 7, 29
List the prime factors of 6271.
6271
List the prime factors of 2476.
2, 619
What are the prime factors of 27781?
13, 2137
What are the prime factors of 8061?
3, 2687
List the prime factors of 60550.
2, 5, 7, 173
List the prime factors of 7130.
2, 5, 23, 31
What are the prime factors of 2044?
2, 7, 73
What are the prime factors of 13490?
2, 5, 19, 71
List the prime factors of 644.
2, 7, 23
What are the prime factors of 212?
2, 53
List the prime factors of 46387.
11, 4217
What are the prime factors of 475?
5, 19
What are the prime factors of 17389?
17389
List the prime factors of 86196.
2, 3, 11, 653
What are the prime factors of 24?
2, 3
List the prime factors of 63.
3, 7
What are the prime factors of 802?
2, 401
List the prime factors of 1142.
2, 571
List the prime factors of 13314.
2, 3, 7, 317
List the prime factors of 3975.
3, 5, 53
What are the prime factors of 5683?
5683
List the prime factors of 26996.
2, 17, 397
What are the prime factors of 15035?
5, 31, 97
What are the prime factors of 3840?
2, 3, 5
List the prime factors of 82813.
82813
List the prime factors of 18340.
2, 5, 7, 131
List the prime factors of 3173.
19, 167
List the prime factors of 22901.
22901
What are the prime factors of 30685?
5, 17, 19
What are the prime factors of 20693?
20693
List the prime factors of 6463.
23, 281
List the prime factors of 1898.
2, 13, 73
What are the prime factors of 31737?
3, 71, 149
List the prime factors of 5775.
3, 5, 7, 11
List the prime factors of 402.
2, 3, 67
What are the prime factors of 2966?
2, 1483
List the prime factors of 16084.
2, 4021
What are the prime factors of 1701?
3, 7
What are the prime factors of 242?
2, 11
What are the prime factors of 6320?
2, 5, 79
What are the prime factors of 6341?
17, 373
List the prime factors of 10477.
10477
What are the prime factors of 15148?
2, 7, 541
List the prime factors of 514.
2, 257
List the prime factors of 1495.
5, 13, 23
What are the prime factors of 2825?
5, 113
What are the prime factors of 34926?
2, 3, 5821
List the prime factors of 50113.
7, 7159
List the prime factors of 1115.
5, 223
What are the prime factors of 13403?
13, 1031
List the prime factors of 32560.
2, 5, 11, 37
List the prime factors of 4997.
19, 263
What are the prime factors of 132656?
2, 8291
What are the prime factors of 1127?
7, 23
What are the prime factors of 46646?
2, 83, 281
List the prime factors of 2312.
2, 17
List the prime factors of 5635.
5, 7, 23
List the prime factors of 20273.
11, 19, 97
List the prime factors of 81284.
2, 7, 2903
List the prime factors of 2412.
2, 3, 67
What are the prime factors of 342?
2, 3, 19
What are the prime factors of 3746?
2, 1873
What are the prime factors of 54?
2, 3
List the prime factors of 1532.
2, 383
List the prime factors of 51841.
47, 1103
What are the prime factors of 41997?
3, 13999
What are the prime factors of 1173?
3, 17, 23
What are the prime factors of 2616?
2, 3, 109
What are the prime factors of 364?
2, 7, 13
List the prime factors of 1737.
3, 193
What are the prime factors of 20168?
2, 2521
List the prime factors of 4.
2
What are the prime factors of 869?
11, 79
List the prime factors of 8706.
2, 3, 1451
List the prime factors of 8121.
3, 2707
What are the prime factors of 4?
2
What are the prime factors of 8905?
5, 13, 137
What are the prime factors of 17012?
2, 4253
What are the prime factors of 841?
29
List the prime factors of 153722.
2, 101, 761
What are the prime factors of 437?
19, 23
What are the prime factors of 31056?
2, 3, 647
What are the prime factors of 63?
3, 7
What are the prime factors of 117553?
19, 23, 269
What are the prime factors of 2971?
2971
What are the prime factors of 783?
3, 29
What are the prime factors of 6260?
2, 5, 313
List the prime factors of 800.
2, 5
List the prime factors of 5170.
2, 5, 11, 47
List the prime factors of 974.
2, 487
What are the prime factors of 484?
2, 11
What are the prime factors of 22626?
2, 3, 419
List the prime factors of 72556.
2, 11, 17, 97
List the prime factors of 46567.
46567
What are the prime factors of 2291?
29, 79
What are the prime factors of 18246?
2, 3, 3041
What are the prime factors of 53?
53
What are the prime factors of 1135?
5, 227
What are the prime factors of 94608?
2, 3, 73
List the prime factors of 9849.
3, 7, 67
What are the prime factors of 118?
2, 59
What are the prime factors of 25439?
25439
What are the prime factors of 9921?
3, 3307
List the prime factors of 7907.
7907
List the prime factors of 1110.
2, 3, 5, 37
List the prime factors of 21281.
13, 1637
What are the prime factors of 461?
461
What are the prime factors of 492?
2, 3, 41
What are the prime factors of 32745?
3, 5, 37, 59
What are the prime factors of 578?
2, 17
List the prime factors of 84462.
2, 3, 7, 2011
List the prime factors of 7720.
2, 5, 193
What are the prime factors of 6808?
2, 23, 37
List the prime factors of 3308.
2, 827
List the prime factors of 3828.
2, 3, 11, 29
List the prime factors of 5401.
11, 491
What are the prime factors of 140?
2, 5, 7
List the prime factors of 6103.
17, 359
List the prime factors of 1100.
2, 5, 11
List the prime factors of 13507.
13, 1039
List the prime factors of 1257.
3, 419
List the prime factors of 868.
2, 7, 31
List the prime factors of 980.
2, 5, 7
What are the prime factors of 321?
3, 107
List the prime factors of 51487.
51487
List the prime factors of 845.
5, 13
List the prime factors of 1177.
11, 107
List the prime factors of 623.
7, 89
List the prime factors of 38332.
2, 7, 37
What are the prime factors of 27?
3
List the prime factors of 108.
2, 3
List the prime factors of 99343.
41, 2423
List the prime factors of 29895.
3, 5, 1993
List the prime factors of 2724.
2, 3, 227
List the prime factors of 3401.
19, 179
What are the prime factors of 12097?
12097
List the prime factors of 13454.
2, 7, 31
List the prime factors of 21378.
2, 3, 7, 509
List the prime factors of 131043.
3, 11, 19
What are the prime factors of 95761?
17, 43, 131
What are the prime factors of 56335?
5, 19, 593
What are the prime factors of 1197?
3, 7, 19
What are the prime factors of 3582?
2, 3, 199
What are the prime factors of 13143?
3, 13, 337
List the prime factors of 14679.
3, 7, 233
What are the prime factors of 36541?
36541
List the prime factors of 3930.
2, 3, 5, 131
List the prime factors of 331.
331
What are the prime factors of 24800?
2, 5, 31
List the prime factors of 4399.
53, 83
What are the prime factors of 3769?
3769
What are the prime factors of 126929?
11, 1049
List the prime factors of 2126.
2, 1063
List the prime factors of 2210.
2, 5, 13, 17
List the prime factors of 69374.
2, 34687
What are the prime factors of 3778?
2, 1889
What are the prime factors of 5009?
5009
List the prime factors of 30318.
2, 3, 31, 163
What are the prime factors of 3448?
2, 431
What are the prime factors of 36064?
2, 7, 23
List the prime factors of 50862.
2, 3, 7, 173
What are the prime factors of 4270?
2, 5, 7, 61
What are the prime factors of 1410?
2, 3, 5, 47
List the prime factors of 1154.
2, 577
What are the prime factors of 19938?
2, 3, 3323
List the prime factors of 2523.
3, 29
List the prime factors of 145761.
3, 7, 11, 631
List the prime factors of 4896.
2, 3, 17
List the prime factors of 2047.
23, 89
List the prime factors of 4239.
3, 157
What are the prime factors of 332?
2, 83
List the prime factors of 20431.
20431
List the prime factors of 15181.
17, 19, 47
What are the prime factors of 9448?
2, 1181
List the prime factors of 5341.
7, 109
What are the prime factors of 76437?
3, 19, 149
List the prime factors of 108145.
5, 43, 503
List the prime factors of 509.
509
What are the prime factors of 57693?
3, 19231
What are the prime factors of 20779?
11, 1889
List the prime factors of 290.
2, 5, 29
What are the prime factors of 160096?
2, 5003
List the prime factors of 2060.
2, 5, 103
List the prime factors of 4773.
3, 37, 43
